{"id":6545,"date":"2021-03-25T19:09:17","date_gmt":"2021-03-25T19:09:17","guid":{"rendered":"https:\/\/koalasigorta.com.tr\/?page_id=6545"},"modified":"2021-03-26T07:29:56","modified_gmt":"2021-03-26T07:29:56","slug":"seyahat-saglik-sigortasi","status":"publish","type":"page","link":"https:\/\/koalasigorta.com.tr\/?page_id=6545","title":{"rendered":"Seyahat Sa\u011fl\u0131k Sigortas\u0131"},"content":{"rendered":"\t\t<div data-elementor-type=\"wp-page\" data-elementor-id=\"6545\" class=\"elementor elementor-6545\" data-elementor-settings=\"[]\">\n\t\t\t\t\t\t<div class=\"elementor-inner\">\n\t\t\t\t\t\t\t<div class=\"elementor-section-wrap\">\n\t\t\t\t\t\t\t<section class=\"elementor-section elementor-top-section elementor-element elementor-element-21881256 elementor-section-boxed elementor-section-height-default elementor-section-height-default\" data-id=\"21881256\" data-element_type=\"section\" data-settings=\"{&quot;ekit_has_onepagescroll_dot&quot;:&quot;yes&quot;}\">\n\t\t\t\t\t\t<div class=\"elementor-container elementor-column-gap-default\">\n\t\t\t\t\t\t\t<div class=\"elementor-row\">\n\t\t\t\t\t<div class=\"elementor-column elementor-col-100 elementor-top-column elementor-element elementor-element-6aefbef0\" data-id=\"6aefbef0\" data-element_type=\"column\">\n\t\t\t<div class=\"elementor-column-wrap elementor-element-populated\">\n\t\t\t\t\t\t\t<div class=\"elementor-widget-wrap\">\n\t\t\t\t\t\t<div class=\"elementor-element elementor-element-390a0594 elementor-widget elementor-widget-text-editor\" data-id=\"390a0594\" data-element_type=\"widget\" data-widget_type=\"text-editor.default\">\n\t\t\t\t<div class=\"elementor-widget-container\">\n\t\t\t\t\t<div class=\"elementor-text-editor elementor-clearfix\"><h4><strong>Seyahat Sa\u011fl\u0131k S\u0130GORTASI<\/strong><\/h4><p>Seyahat Sa\u011fl\u0131k Sigortas\u0131 ile yurt d\u0131\u015f\u0131 seyahatlerinizde kar\u015f\u0131la\u015fabilece\u011finiz acil sa\u011fl\u0131k problemlerinizi teminat alt\u0131na al\u0131yoruz.<\/p><p><strong>Seyahat Sa\u011fl\u0131k Sigorta\u2019s\u0131 teminat kapsam\u0131<\/strong><\/p><ul><li>Yaralanma veya hastal\u0131k nedeniyle t\u0131bbi tedavi<\/li><li>Yaralanma veya hastal\u0131k nedeniyle sigortal\u0131n\u0131n nakli<\/li><li>Taburcu olduktan sonra Daimi \u0130kametgaha nakil<\/li><li>Vefat eden sigortal\u0131n\u0131n nakli<\/li><li>Acil mesajlar\u0131n iletilmesi<\/li><li>Sigortal\u0131ya yap\u0131lacak tedavi nedeniyle aile \u00fcyelerinden birinin konaklamas\u0131<\/li><li>Aile \u00fcyelerinden birinin \u00f6l\u00fcm\u00fc nedeniyle yolculu\u011fun durdurulmas\u0131<br \/>sonucu geri d\u00f6n\u00fc\u015f seyahati<\/li><li>Evde meydana gelen hasar nedeniyle yolculu\u011fun durdurulmas\u0131<br \/>sonucu geri d\u00f6n\u00fc\u015f seyahati<\/li><li>Bagaj\u0131n bulunmas\u0131 ve sigortal\u0131ya ula\u015ft\u0131r\u0131lmas\u0131<\/li><li>Tarifeli bagaj kayb\u0131, zarar g\u00f6rmesi, \u00e7al\u0131nmas\u0131<\/li><li>Gecikmeli bagaj<\/li><li>Kanuni i\u015flemlerle ilgili kefalet<\/li><li>\u0130la\u00e7 g\u00f6nderilmesi organizasyonu<\/li><li>Acil mesajlar\u0131n iletilmesi<\/li><\/ul><\/div>\n\t\t\t\t<\/div>\n\t\t\t\t<\/div>\n\t\t\t\t\t\t<\/div>\n\t\t\t\t\t<\/div>\n\t\t<\/div>\n\t\t\t\t\t\t\t\t<\/div>\n\t\t\t\t\t<\/div>\n\t\t<\/section>\n\t\t\t\t\t\t<\/div>\n\t\t\t\t\t\t<\/div>\n\t\t\t\t\t<\/div>\n\t\t","protected":false},"excerpt":{"rendered":"<p>Seyahat Sa\u011fl\u0131k S\u0130GORTASI Seyahat Sa\u011fl\u0131k Sigortas\u0131 ile yurt d\u0131\u015f\u0131 seyahatlerinizde kar\u015f\u0131la\u015fabilece\u011finiz acil sa\u011fl\u0131k problemlerinizi teminat alt\u0131na al\u0131yoruz. Seyahat Sa\u011fl\u0131k Sigorta\u2019s\u0131 teminat kapsam\u0131 Yaralanma veya hastal\u0131k nedeniyle t\u0131bbi tedavi Yaralanma veya hastal\u0131k nedeniyle sigortal\u0131n\u0131n nakli Taburcu olduktan sonra Daimi \u0130kametgaha nakil Vefat eden sigortal\u0131n\u0131n nakli Acil mesajlar\u0131n iletilmesi Sigortal\u0131ya yap\u0131lacak tedavi nedeniyle aile \u00fcyelerinden birinin konaklamas\u0131 [&hellip;]<\/p>\n","protected":false},"author":1,"featured_media":0,"parent":0,"menu_order":0,"comment_status":"closed","ping_status":"closed","template":"elementor_header_footer","meta":[],"_links":{"self":[{"href":"https:\/\/koalasigorta.com.tr\/index.php?rest_route=\/wp\/v2\/pages\/6545"}],"collection":[{"href":"https:\/\/koalasigorta.com.tr\/index.php?rest_route=\/wp\/v2\/pages"}],"about":[{"href":"https:\/\/koalasigorta.com.tr\/index.php?rest_route=\/wp\/v2\/types\/page"}],"author":[{"embeddable":true,"href":"https:\/\/koalasigorta.com.tr\/index.php?rest_route=\/wp\/v2\/users\/1"}],"replies":[{"embeddable":true,"href":"https:\/\/koalasigorta.com.tr\/index.php?rest_route=%2Fwp%2Fv2%2Fcomments&post=6545"}],"version-history":[{"count":8,"href":"https:\/\/koalasigorta.com.tr\/index.php?rest_route=\/wp\/v2\/pages\/6545\/revisions"}],"predecessor-version":[{"id":6623,"href":"https:\/\/koalasigorta.com.tr\/index.php?rest_route=\/wp\/v2\/pages\/6545\/revisions\/6623"}],"wp:attachment":[{"href":"https:\/\/koalasigorta.com.tr\/index.php?rest_route=%2Fwp%2Fv2%2Fmedia&parent=6545"}],"curies":[{"name":"wp","href":"https:\/\/api.w.org\/{rel}","templated":true}]}}